+ -62546. Let r(p) = -6*p + 7 + 0*p - 7*p**2 - 5*p + p**3. What is r(z)?
-17
Suppose k = 25 + 2. Suppose -5*j = -4*c - 57, -4*j - c = 2*c - k. Let s(u) = 2*u - 10. What is s(j)?
8
Let y(k) be the second derivative of -k**5/30 + k**4/3 - 4*k**3/3 + 73*k**2 + 141*k. Let v(b) be the first derivative of y(b). Give v(4).
-8
Let k = -130 + 97. Let y be 5 - 2*1*k/(-22). Let z(q) = -9 + q**3 + 0*q**y + 0*q - 3*q**2 + 6 + 3*q. Give z(4).
25
Let k(c) = 1095 + 1570 - 2997 + 19*c. Give k(17).
-9
Let z(s) be the first derivative of s**2/2 - 14*s - 15. Let w be 4/(((-24)/(-18))/(-2)) + 12. Give z(w).
-8
Let r(j) = -2*j - 25. Let f be r(-14). Let p(i) = 0 + 8*i + 7 + 0 - f. Let x(q) = -2*q - 1. Let v(k) = -2*p(k) - 9*x(k). Give v(3).
7
Suppose -2*n = -5*n + 12. Suppose -n*j = 3 + 1. Let l(h) = h + 8*h**2 + 80465463 - 40232734 - 40232729. Give l(j).
7
Let o(q) = -703*q**2 + q - 4*q**3 + 0*q + 2*q**3 + 704*q**2. Let s(h) = 3*h**3 - h**2 - 4*h + 3. Let n(k) = -o(k) - s(k). Determine n(3).
-21
Suppose 5*w - 66 = -2*x + 6*x, 0 = x - w + 18. Let g(s) = s**2 + 23*s + 2. Calculate g(x).
26
Let h be (6 - 15*1/3) + 29. Let g(q) = h*q - 69*q + 5 + 41*q - q**2. Give g(4).
-3
Let s(y) = 213*y - 6406. Let p be s(30). Let l(z) = z - 1. Let x(n) = -5*n + 15. Let d(k) = 6*l(k) + x(k). Determine d(p).
-7
Let j(x) = 4*x - 257. Let c be j(62). Let y(f) = f**3 + 10*f**2 + 9*f - 31. Calculate y(c).
-31
Let h(r) be the first derivative of -r**4 - r**3/3 + r**2 + 2*r - 884. Calculate h(-1).
3
Let g(l) be the second derivative of 1/12*l**4 - l - 1/2*l**3 + 0*l**2 + 5. Give g(7).
28
Suppose -9 = -2*a - 3. Suppose -a*z + t + 6 = 6*t, -1 = -z - 2*t. Let y = z + -10. Let m(f) = -f + 3. Calculate m(y).
6
Suppose 0 = 12*a + 5*a + 11*a + 364. Let v(l) = 42*l + 552. Determine v(a).
6
Suppose -2*v - 3 = 3. Let t = -40 + 42. Let x(g) = 6*g**2 - 3 + 0*g**2 - 7*g**t + 5 - 4*g. Give x(v).
5
Let l be 1*(-5)/(10/4). Let d(m) = 13*m**2 + 21*m + 17. Suppose 24*w = 16*w - 16. Let h(q) = -3*q**2 - 5*q - 4. Let r(y) = w*d(y) - 9*h(y). What is r(l)?
0
Suppose 3*m - 25 = 4*t, -2*t + 3*m = 7*m + 18. Let b be (-2)/t + 130/35. Let x(l) = 21*l + 4*l**2 - l**3 + 19*l + 1 - l**2 - 36*l. Calculate x(b).
1
Let j(d) = -8*d**2 - d**3 - 193*d - 13 + 3 - 2*d**2 + 0*d**2 + 194*d. What is j(-10)?
-20
Let u(a) = -a + 22. Let s be u(19). Let v(l) = -395*l + s + 196*l + 194*l. Calculate v(-3).
18
Suppose -12*y = -2*y - 0*y + 70. Let k(r) = -r**3 - 8*r**2 - r + 46. Calculate k(y).
4
Let r = -756 - -758. Let j(z) = 34*z - 2. Give j(r).
66
Let q(d) = -17*d - 116. Let j be q(-7). Suppose 4*y = -2*i - 24, 2*i + j*i + 38 = y. Let a(o) = o**2 + 8*o + 3. Calculate a(i).
3
Let c(h) be the first derivative of -h**3/3 - 4*h**2 + 7*h + 1044. Let q be 2/(-5) - 102/(-30). Let p be 72/27*-1*q. Determine c(p).
7
Let a(j) = -2*j**2 + 57*j + 27. Let l be a(29). Let o(u) be the third derivative of 20*u**2 - 1/2*u**3 - 1/12*u**4 + 1/30*u**5 + 0 + 0*u. Give o(l).
9
Let s = 50 + 16. Suppose -14*t + 8*t - s = 0. Let j(u) = -u**3 - 12*u**2 - 8*u + 9. Give j(t).
-24
Let a(x) = 2*x**3 - 79*x**2 + 41*x - 80. Suppose -39*u - 117 = -42*u. Let n be a(u). Let h(l) = 5 + 2*l + 1 - 5. What is h(n)?
-3
Let l(w) = w**3 + 6*w**2 + 6*w + 3. Let b be l(-5). Let t(a) = a**3 + 14. Let n(r) = -5*r**3 + r**2 + 5*r - 55. Let m(g) = -n(g) - 4*t(g). Determine m(b).
-3
Let p(n) = n + 43. Suppose 49*a - 44*a + 60 = 4*f, 0 = -5*a + 5*f - 65. What is p(a)?
35
Suppose 0 = 612*p - 609*p + 2*x - 34, -4*x - 32 = -4*p. Let k(u) = u**3 - 11*u**2 + 6*u + 28. What is k(p)?
-12
Let s(o) = -7*o**2 + 26*o + 15. Let c(n) = 2*n**2 - 2*n - 2. Let t(j) = 4*c(j) + s(j). What is t(-10)?
-73
Suppose -q = -3*q - 132. Let u = 57 + q. Let h(n) = n**3 + 9*n**2 - n + 12. Calculate h(u).
21
Let w(d) = -4*d**2 - 25*d - 15. Let b be 63 - 68 - (1 + 0). Calculate w(b).
-9
Let m(d) = 17*d**3 + 4*d**2 - 17*d - 16. Let b(v) = 7*v**3 + 2*v**2 - 7*v - 7. Let k(f) = -7*b(f) + 3*m(f). Let t = 6 + -8. Calculate k(t).
-19
Suppose -w - 4*w + 3226 = 4*o, -3*w + 1934 = 2*o. Suppose 2 = -643*f + w*f. Let y(d) = -d**2 + d + 1. Determine y(f).
-5
Let o(m) = 4*m + 114*m - 417 - 26*m - 27*m - 6*m. Give o(7).
-4
Let f be 150/(-22) + (-4)/22. Let i(j) = -2*j**3 + 14*j - 27. Let p(w) = w**3 + w**2 - 8*w + 14. Let n(k) = f*p(k) - 4*i(k). Determine n(7).
10
Suppose 4 = -s + 9*i - 12*i, 4*s + 2*i = -26. Let o(x) be the first derivative of -x**3/3 - 7*x**2/2 + 5*x - 70. Give o(s).
5
Let i(m) = -m**3 - m + 1. Let b(n) = -2*n**3 - 4*n**2 + n + 2. Let a(x) = -b(x) + 3*i(x). Let j(k) = 34*k. Let h be j(1). Let y = h + -31. Determine a(y).
-2
Let v = -678 + 426. Let i = v - -243. Let h(t) = -t**3 - 9*t**2 + t + 10. Calculate h(i).
1
Let i(u) = 5*u**3 - 25*u**2 + 28*u + 11. Let l(f) = -4*f**3 + 25*f**2 - 28*f - 18. Let h(s) = 5*i(s) + 6*l(s). Determine h(-26).
-1
Let p be (-126)/(-36) + (3/2)/(-3). Let f(a) = -187*a**2 - 8*a + 185*a**2 - 9*a + 8*a + 5*a. Calculate f(p).
-30
Let n(p) = -p**2 - 50*p. Let f(d) = 8*d**2 + 195*d + 11. Let s(q) = f(q) + 4*n(q). Calculate s(2).
17
Let p(f) = 2 - 2*f + 31 + 29 - 29. What is p(14)?
5
Let s(p) be the first derivative of 5*p**3 + 7*p**2/2 + 4*p + 9390. What is s(-1)?
12
Let m = 7 - 1. Suppose -m*x - 32 = -2*x. Let t(s) be the first derivative of s**2/2 + 13*s + 63. Calculate t(x).
5
Let b(p) be the second derivative of -73*p**4/12 - p**3/3 - p**2/2 + 2*p - 40. What is b(-1)?
-72
Let b(c) be the second derivative of c**5/20 + 3*c**4/4 + c**3/6 + c**2/2 - 112*c + 2. What is b(-9)?
-8
Suppose -295*l + 226 = 11436. Let q(j) = j**3 + 36*j**2 - 75*j + 18. Give q(l).
-20
Let s = 10014 + -10018. Let l(i) = i**2 - 6*i - 40. Give l(s).
0
Let b(u) = -3*u - 3. Suppose -3*d - 5*t - 15 + 1 = 0, t + 14 = 5*d. Suppose -d*i = 4*o + 2, o - 12 + 2 = -4*i. Determine b(o).
3
Let r(o) be the third derivative of o**4/24 - 10*o**3/3 - 94*o**2 + 2*o - 1. Give r(21).
1
Suppose 0*p - 25 = 25*p. Let v(d) = -7*d**2 + 3*d + 4. Let l be v(p). Let o(q) = -4*q - 4. What is o(l)?
20
Let k = -146 + 203. Let o(m) = -k*m + 59*m - 6 + 5. Suppose 0 = -2*q - 0*q - 2. Calculate o(q).
-3
Let j(t) = t**2 - t - 7. Let a(s) = 3*s**2 - 17*s - 54. Let g(x) = a(x) - 4*j(x). Give g(-13).
-26
Let q(d) = -d**2 + 8*d + 94. Let a be ((-833)/(-588) - 3/(-36))*-4. Give q(a).
10
Let i(w) = -w**3 - 7*w**2 + 10*w + 10. Let u(g) be the first derivative of 7*g**4/4 + 3*g**2 + 5*g - 33. Let j be u(-1). Determine i(j).
-6
Let c be (-513)/18*4/(-3). Suppose z = -45 + c. Let n(b) = -b**3 - 8*b**2 - 6*b + 4. Give n(z).
-3
Let p = 12 - -18. Suppose -3*t = 2*t - p. Let r(s) = s**2 - 6*s - 3. Let u be r(t). Let d(i) = i**3 + 4*i**2 + i. Determine d(u).
6
Let b(y) = 16*y**2 - 3*y - 1. Suppose -32*r + 31*r - 26 = 4*n, 0 = -4*r - 5*n - 38. What is b(r)?
69
Let z be ((-14)/((-546)/13))/((-1)/3). Let w(c) be the second derivative of -c**5 + c**2/2 + 34*c. Calculate w(z).
21
Let q be -4 - (-1 + -2 - 42/(-2)). Let a = q - -54. Let m(z) = 5*z**2 + 3 - 3*z + 31*z**3 - a*z**3 - z**2. Determine m(4).
-9
Let h = 802 + -386. Let w = h + -415. Let f(r) = 35*r**2 - r. Calculate f(w).
34
Let i be 6/(4 - (-208)/(-40)). Let l(n) = 12*n + 26. Calculate l(i).
-34
Let c(b) = b**2 - 8*b + 2. Suppose d + 1 = 3. Let u(s) = 16*s**2 + 2*s - 5. Let x be u(d). Suppose -71 = -a - x. What is c(a)?
2
Let d(c) = c**3 + 99*c**2 - 12*c + 7 + 19*c - 1 - 96*c**2 + 3. Determine d(-2).
-1
Let q(s) be the second derivative of -s**4/6 - s**2 + 2522*s. Determine q(-4).
-34
Let p(g) = g**3 + 4*g**2 - 3*g + 18. Let n(t) = -146*t - 6722. Let d be n(-46). Give p(d).
-36
Let o = 196 - 192. Suppose 3*i + 1 = -z, -2*z + o*i = 27 - 5. Let u(d) = d**2 + 8*d + 1. What is u(z)?
-6
Let w be 7 + 36/(-6) + 3. Let j(o) = -w - 5 - o + 11. Determine j(-4).
6
Let r = 1 - 1. Let m(c) be the second derivative of -30*c + 1/6*c**3 + 1 + 0*c**4 - 7/2*c**2 + 1/20*c**5. Determine m(r).
-7
Let c(z) be the first derivative of -z**2/2 - 21*z - 774. Calculate c(-6).
-15
Let k = -2647 - -2649. Let g = 6 + -4. Let h(z) = -2*z**3 + 0*z - 4*z + g*z**2 + z**2 + z. Calculate h(k).
-10
Suppose -19 = -4*w + i, -2*w + 6*i = 5*i - 11. Let f = -53 + 77. Let z(p) = -f + 2*p - 17 + 40. Give z(w).
7
Let n(d) = -60*d**2 + 8*d - 25. Let k be n(3). Let b = k + 534. Let v(z) = z**3 + 7*z**2 + 3*z - 10. What is v(b)?
-31
Let i(s) = s**